at is the tens digit of m?
1
What is the tens digit of 12975/21 + (-29)/(-203)?
1
Let j(w) = -w**3 + 8*w**2 - 7*w + 7. Let y be j(7). Let h be -2 + 3 + y + 2. Suppose -3*t + h = 1. What is the units digit of t?
3
Suppose 33*m - 1145 = -5*w + 28*m, -w - 3*m + 235 = 0. What is the tens digit of w?
2
Suppose -4*b - n + 542 = 0, 5*b + 4*n - 671 = 1. What is the units digit of (2 - 42/8)*b/(-2)?
1
Suppose 0 = -0*c + c. Suppose c = -5*v - a + 2*a + 1043, 193 = v + 5*a. What is the hundreds digit of v?
2
Let g(i) = i**3 + 4*i**2 + 2*i + 3. Let j be g(-3). Suppose 0 = 7*f - j*f. Suppose 5*r - 7 - 253 = f. What is the tens digit of r?
5
Let b = -1284 - -3607. What is the thousands digit of b?
2
Suppose 0 = -0*a + 2*a + 4*h, -3*a - 3*h + 3 = 0. Suppose 3*l = a*x - 1 + 10, 2*l = -4*x + 22. Suppose -13 = -x*j + 2*j. What is the tens digit of j?
1
Let p be (((-90)/3)/(-3)*-1)/(-2). Suppose -4*f + 193 = -n, -f + 0*f + p*n + 72 = 0. What is the tens digit of f?
4
Let m = -1065 + 6987. What is the thousands digit of m?
5
Suppose -3*h - 55 = -217. What is the units digit of h?
4
Let x(q) = 15*q**2 - 2*q - 37. Let l(i) = 32*i**2 - 4*i - 74. Let z(f) = -6*l(f) + 13*x(f). What is the tens digit of z(-8)?
7
Let b(v) = -v**3 + 8*v**2 - 7*v + 8. Let n be b(7). Suppose n + 4 = 4*s. Suppose -4*p + 113 = -s*y, -y + 139 = 5*p - 4*y. What is the units digit of p?
6
Suppose 0 = 4*l + 34 - 306. What is the units digit of l?
8
Suppose i = -i - 3*w + 2, -5*w + 8 = 4*i. Suppose -72 - 257 = -i*u. What is the units digit of u?
7
Let d = 35 + -33. Suppose 3*a - 34 = -4*m, 14 = m - a + d. What is the units digit of m?
0
Suppose -d = 2*n + 2*n - 269, 2*d + 278 = 4*n. Suppose v - 32 = 4*c - c, 2*c + n = 2*v. Suppose -4*x + v = -3*x. What is the tens digit of x?
3
Let h(b) = 2*b. Let f be h(5). Let r be (-6)/f - (-24)/(-10). What is the tens digit of (34/r)/(10/(-15))?
1
Let c = 58 + -56. Suppose -c*m + 3*m = 83. What is the units digit of m?
3
Let q = -72 - -73. What is the hundreds digit of (3 - -30)/(q*3/12)?
1
Let x(s) = -45*s - 28. What is the tens digit of x(-9)?
7
Let w be ((-9)/4)/(28/(-112)). Suppose 4*k + 3*f - 1291 = 0, 5*k - w*f + 4*f = 1640. What is the tens digit of k?
2
Suppose -4*s = 5*b - 36, -4*b = s + s - 24. Let v be 15/(s/(-3 - -7)). Let m = v + 11. What is the units digit of m?
6
Let f(j) = 4*j**2 + j. Let d be f(-1). Suppose 2*i + 14 = d*i + 5*k, -5*k - 70 = -5*i. What is the units digit of i?
4
Suppose 0 = 3*y + 2*o + 1, -3*y = -4*o - 0 - 29. Let l = 238 + -203. What is the units digit of (l - 3) + 1*y?
5
Let z(i) = -139*i + 20. What is the tens digit of z(-2)?
9
Let d be 102*7 - ((-3)/(-3) - -2). Suppose 176 = -5*z + d. What is the tens digit of z?
0
Let c be 2/14 + 5616/182. Suppose 5*x + 3*b - c = 0, 3*b - 24 + 65 = 4*x. What is the units digit of x?
8
What is the units digit of 128*(24 - 15/3)?
2
Suppose 1652 = -205*f + 212*f. What is the hundreds digit of f?
2
Let q = -62 - -67. Suppose -461 = -q*z + 5*c + 509, -c + 394 = 2*z. What is the hundreds digit of z?
1
Let x(h) = -376*h - 145. What is the tens digit of x(-16)?
7
Suppose -60*o - 3 = -59*o. What is the tens digit of (40/o)/(7 + 749/(-105))?
0
Let z(j) = j**3 + 4*j**2 - j + 5. Let w be z(-4). Suppose 0 = 11*t - w*t + 4. What is the tens digit of t/4 + (-122)/(-4)?
3
What is the tens digit of 4/((-36)/8343)*4/(-6)?
1
Suppose -25*r - 5*r + 64830 = 0. What is the tens digit of r?
6
Let i(v) = 2*v**2 + 7*v + 1. Let o = -23 + 28. Let y be i(o). Suppose 0*d - 290 = -5*d + 5*w, -4*w + y = 2*d. What is the tens digit of d?
5
Suppose 61*i - 69*i + 2672 = 0. What is the hundreds digit of i?
3
Let d be 9/(-15) - (-72)/20. Suppose -d*f = -243 - 165. What is the units digit of f?
6
Suppose 2*o - 8 - 4 = 0. Suppose o*r - 140 = r. What is the tens digit of r?
2
Suppose 5*f - 629 = 16. What is the hundreds digit of f?
1
What is the hundreds digit of (575/(-230))/((-2)/332)?
4
Suppose 7*n - 4*n - 3 = -3*s, 0 = 2*n + 4*s + 2. Suppose -x + n*d = -0*d - 29, 4*d + 32 = x. What is the units digit of x?
0
Suppose c = 4*c + 273. Let v = 240 + c. What is the tens digit of v?
4
Let o = 5 + 31. Suppose -41 = -t - 2*t - 2*q, -78 = -4*t + 2*q. Let x = o - t. What is the units digit of x?
9
Let n(p) = 2*p**3 - 14*p**2 + 7*p + 6. Let o be n(7). Suppose -4*j - 4*r = -916, r = -3*j + 638 + o. What is the units digit of j?
2
Let h = 268 - -459. What is the hundreds digit of h?
7
Suppose 12*k - k - 18744 = 0. What is the hundreds digit of k?
7
Let y(d) = 4*d**2 + 10*d - 11. What is the tens digit of y(6)?
9
Suppose 2*y + 24 = -3*w + 170, 0 = y - w - 63. What is the tens digit of y?
6
Suppose m + 5*b = 431, 4*b = 6*b. What is the tens digit of m?
3
Let y be (-5 + 15)*1548/10. Suppose 5*s + 4*s = y. What is the units digit of s?
2
Suppose 2*b + 28 = 4*b. Suppose -3*r = 3*l, 5*r = l + l + b. Suppose r*o + 3*o = 190. What is the units digit of o?
8
Let j(d) = 11*d + 19. Let p be j(-2). Let v(b) be the second derivative of -b**5/10 - b**4/4 + b**3/3 - 3*b**2/2 - b. What is the units digit of v(p)?
8
Let o(t) = t**3 - 3*t**2 - 27*t - 87. What is the tens digit of o(14)?
9
Let b = -266 + 377. Suppose 25*g + b = 26*g. What is the tens digit of g?
1
Let c = -22 + 25. Suppose 0 = -c*q + 7*q. Suppose -w - w + 16 = q. What is the units digit of w?
8
Let v = -35 + 29. Let p(d) = -2*d + 6. What is the tens digit of p(v)?
1
Let n = 20 + -54. Let a be (-3)/3 + 63 - 4. Let j = a + n. What is the tens digit of j?
2
Let r(m) = m**3 + 3*m**2 - 3*m - 5. Let g be r(-3). Let l = 5 - g. What is the tens digit of (l + -1)/(-1) + 16?
1
Let d = 1238 - 181. What is the units digit of d?
7
Suppose 5*a + 0*a = 0. Suppose 0*x + 2*x - 4 = a. Suppose 2*j - 20 = -x*d, 2*j = -2 - 2. What is the tens digit of d?
1
Let j(x) = 17*x - 16. Let s be j(15). Suppose 3*i - s - 97 = 0. What is the units digit of i?
2
Let y(a) = 4*a**2 - 5*a + 26. What is the units digit of y(9)?
5
Suppose -4*u = 3*r + 605, -3*r + 5*u - 170 = -2*r. Let n = r + 294. What is the tens digit of n?
9
Let w = 0 + 2. Suppose -4*k + 8 + 4 = -w*j, -22 = -3*j - 4*k. What is the units digit of (3 + 77/j)*2?
3
Suppose 0*d - 2*d = 5*g - 551, 0 = -4*g + d + 446. What is the tens digit of g?
1
Let t(a) = 92*a - 8. What is the hundreds digit of t(3)?
2
Suppose -y + 0*y + 37 = 0. Suppose -2*d + y - 7 = 0. What is the units digit of d?
5
Let y = 196 - 120. Let f be -44 - (1 + (-4 - -1)). Let h = f + y. What is the units digit of h?
4
Let v = -43 + 52. Suppose 0 = -v*d + 6*d + 831. What is the hundreds digit of d?
2
Let h = -9 - -12. Suppose 208 = 7*s - h*s. What is the units digit of s?
2
Suppose -3*u - 19 = 29. Let s = -26 - u. What is the tens digit of (-8)/3*45/s?
1
Suppose 0 = -g + 2*g - 7. Suppose -b - 21 = -f, -5*f + 96 - 31 = 5*b. Suppose 0 = k - f - g. What is the units digit of k?
4
Let p be (4 + 32/6)*36. Suppose -139 = -3*t + n + 113, -4*t + 2*n + p = 0. Let i = t + -35. What is the units digit of i?
9
Let m(j) be the first derivative of j**3/3 + 9*j**2/2 + 9*j + 14. What is the units digit of m(-10)?
9
Let o = -6 + 9. Suppose -c = o*g - 74, -5*c + g + 0*g + 434 = 0. Let z = c + -54. What is the tens digit of z?
3
Let d = 185 + 94. Suppose 5*p - d - 311 = -3*a, 0 = p - a - 126. What is the tens digit of p?
2
Let d be (-1)/(-2 - -3)*(-5 + 2). Suppose 5*v + 386 = d*l, 660 = 5*l + 3*v - 8*v. What is the tens digit of l?
3
Suppose 6*o - 10372 = -208. What is the hundreds digit of o?
6
Suppose -5*f - 2 = -4*f. Let x = f - 21. Let r = x + 39. What is the tens digit of r?
1
Let y = 85 - 82. Suppose -5*l = -25, 2*l - l - 338 = -y*x. What is the hundreds digit of x?
1
Let r = 30 + 15. What is the tens digit of r?
4
Suppose 8*j - 45780 + 11164 = 0. What is the hundreds digit of j?
3
Suppose 0*q = 4*q. Suppose 3*a - 6 = q, a = g - 31 + 1. What is the tens digit of g?
3
What is the thousands digit of -1 + (-2 - -5) + 2403?
2
Let p(g) = 2*g**2 - 12*g - 4. Let h be p(10). Let i = 133 - h. What is the units digit of i?
7
Suppose 0 = -7*j + 513 + 2329. What is the units digit of j?
6
Let p be 21/(-14) - 38/4. Let l = 45 + p. What is the units digit of l?
4
Let i = 5 + 1. Let s(z) = 20*z**2 - 12*z + 14. Let r(d) = 7*d**2 - 4*d + 5. Let q(g) = -17*r(g) + 6*s(g). What is the tens digit of q(i)?
1
Suppose -3*q + 12 